{"id":329,"date":"2023-08-10T14:21:16","date_gmt":"2023-08-10T14:21:16","guid":{"rendered":"https:\/\/www.absag.ch\/?page_id=329"},"modified":"2023-08-28T14:28:34","modified_gmt":"2023-08-28T14:28:34","slug":"cookie-policy-eu","status":"publish","type":"page","link":"https:\/\/www.absag.ch\/?page_id=329","title":{"rendered":"Cookie-Richtlinie (EU)"},"content":{"rendered":"<div id=\"cmplz-document\" class=\"cmplz-document cookie-statement cmplz-document-eu\"><p><i>Diese Cookie-Richtlinie wurde zuletzt am 28. August 2023 aktualisiert und gilt f\u00fcr B\u00fcrger und Einwohner mit st\u00e4ndigem Wohnsitz im Europ\u00e4ischen Wirtschaftsraum und der Schweiz.<\/i><\/p><br><p>1. Einf\u00fchrung <\/p><br><p>Unsere Website, <a href=\"https:\/\/www.absag.ch\">https:\/\/www.absag.ch<\/a> (im folgenden: \u201eDie Website\u201c) verwendet Cookies und \u00e4hnliche Technologien (der Einfachheit halber werden all diese unter \u201eCookies\u201c zusammengefasst). Cookies werden au\u00dferdem von uns beauftragten Drittparteien platziert. In dem unten stehendem Dokument informieren wir dich \u00fcber die Verwendung von Cookies auf unserer Website.<\/p><br><p>2. Was sind Cookies?<\/p><br><p>Ein Cookie ist eine einfache kleine Datei, die gemeinsam mit den Seiten einer Internetadresse versendet und vom Webbrowser auf dem PC oder einem anderen Ger\u00e4t gespeichert werden kann. Die darin gespeicherten Informationen k\u00f6nnen w\u00e4hrend folgender Besuche zu unseren oder den Servern relevanter Drittanbieter gesendet werden.<\/p><br><p>3. Was sind Skripte?<\/p><br><p>Ein Script ist ein St\u00fcck Programmcode, das benutzt wird, um unserer Website Funktionalit\u00e4t und Interaktivit\u00e4t zu erm\u00f6glichen. Dieser Code wird auf unseren Servern oder auf deinem Ger\u00e4t ausgef\u00fchrt.<\/p><br><p>4. Was ist ein Web Beacon?<\/p><br><p>Ein Web-Beacon (auch Pixel-Tag genannt), ist ein kleines unsichtbares Textfragment oder Bild auf einer Website, das benutzt wird, um den Verkehr auf der Website zu \u00fcberwachen. Um dies zu erm\u00f6glichen werden diverse Daten von dir mittels Web-Beacons gespeichert.<\/p><br><p>5. Cookies<\/p><p class=\"cmplz-subtitle\"><strong>5.1 Technische oder funktionelle Cookies<\/strong><\/p><p>Einige Cookies stellen sicher, dass Teile unserer Website richtig funktionieren und Ihre Nutzervorlieben bekannt bleiben. Durch das Platzieren funktionaler Cookies machen wir es Ihnen einfacher unsere Website zu besuchen. Auf diese Weise m\u00fcssen Sie bei Besuchen unserer Website nicht wiederholt die gleichen Informationen eingeben, oder Ihre Gegenst\u00e4nde bleiben beispielsweise in Ihrem Warenkorb bis Sie bezahlen. Wir k\u00f6nnen diese Cookies ohne Ihr Einverst\u00e4ndnis platzieren.<\/p><p class=\"cmplz-subtitle\"><strong>5.2 Analytische Cookies<\/strong><\/p><p>Wir verwenden analytische Cookies, um das Website-Erlebnis f\u00fcr unsere Nutzer zu optimieren. Mit diesen analytischen Cookies erhalten wir Einblicke in die Nutzung unserer Website. Wir bitten um Ihre Erlaubnis, analytische Cookies zu setzen.<\/p><p class=\"cmplz-subtitle\"><strong>5.3 Marketing- \/ Tracking-Cookies<\/strong><\/p><p>Marketing- \/ Tracking-Cookies sind Cookies oder eine andere Form der lokalen Speicherung, die zur Erstellung von Benutzerprofilen verwendet werden, um Werbung anzuzeigen oder den Benutzer auf dieser Website oder \u00fcber mehrere Websites hinweg f\u00fcr \u00e4hnliche Marketingzwecke zu verfolgen.<\/p><br>6. Platzierte Cookies<br><br><div id=\"cmplz-cookies-overview\"><details class=\"cmplz-dropdown cmplz-service-desc cmplz-dropdown-cookiepolicy \" key=\"1\"> <summary class=\"cmplz-service-header\"><div> <h3>WordPress<\/h3> <p>Funktional<\/p> <label for=\"cmplz_service_wordpress\" class=\"cmplz_consent_per_service_label\"><span class=\"screen-reader-text\">Consent to service wordpress<\/span><\/label> <input type=\"checkbox\" id=\"cmplz_service_wordpress\" class=\"cmplz-accept-service cmplz-hidden\" data-service=\"wordpress\" data-category=\"functional\"><\/div> <\/summary> <div class=\"cmplz-service-description\"> <h4>Usage<\/h4> <p>We use WordPress for Website-Entwicklung. <a rel=\"noopener noreferrer nofollow\" href=\"https:\/\/cookiedatabase.org\/service\/wordpress\/\" target=\"_blank\">Read more<\/a><\/p> <\/div> <div class=\"cmplz-sharing-data\"> <h4>Sharing data<\/h4> <p>This data is not shared with third parties.<\/p> <\/div> <div class=\"cookies-per-purpose\">     <div class=\"purpose\"><h4>Funktional<\/h4><\/div>     <div class=\"name-header\"> <h5>Name<\/h5> <\/div> <div class=\"name\"><a rel=\"noopener noreferrer nofollow\" href=\"https:\/\/cookiedatabase.org\/cookie\/wordpress\/wpemojisettingssupports\/\" target=\"_blank\">wpEmojiSettingsSupports<\/a><\/div> <div class=\"retention-header\"> <h5>Expiration<\/h5> <\/div> <div class=\"retention\">Sitzung<\/div> <div class=\"function-header\"> <h5>Function<\/h5> <\/div> <div class=\"function\">Speichere Browser-Angaben<\/div> <\/div> <\/details> <details class=\"cmplz-dropdown cmplz-service-desc cmplz-dropdown-cookiepolicy \" key=\"2\"> <summary class=\"cmplz-service-header\"><div> <h3>Google Fonts<\/h3> <p>Marketing\/Tracking<\/p> <label for=\"cmplz_service_google-fonts\" class=\"cmplz_consent_per_service_label\"><span class=\"screen-reader-text\">Consent to service google-fonts<\/span><\/label> <input type=\"checkbox\" id=\"cmplz_service_google-fonts\" class=\"cmplz-accept-service cmplz-hidden\" data-service=\"google-fonts\" data-category=\"functional\"><\/div> <\/summary> <div class=\"cmplz-service-description\"> <h4>Usage<\/h4> <p>We use Google Fonts for Anzeige von Webfonts. <a rel=\"noopener noreferrer nofollow\" href=\"https:\/\/cookiedatabase.org\/service\/google-fonts\/\" target=\"_blank\">Read more<\/a><\/p> <\/div> <div class=\"cmplz-sharing-data\"> <h4>Sharing data<\/h4> <p>For more information, please read the <a rel=\"noopener noreferrer nofollow\" href=\"https:\/\/policies.google.com\/privacy\" target=\"_blank\">Google Fonts Privacy Statement<\/a>.<\/p> <\/div> <div class=\"cookies-per-purpose\">     <div class=\"purpose\"><h4>Marketing\/Tracking<\/h4><\/div>     <div class=\"name-header\"> <h5>Name<\/h5> <\/div> <div class=\"name\"><a rel=\"noopener noreferrer nofollow\" href=\"https:\/\/cookiedatabase.org\/cookie\/google-fonts\/tcb_google_fonts\/\" target=\"_blank\">Google Fonts API<\/a><\/div> <div class=\"retention-header\"> <h5>Expiration<\/h5> <\/div> <div class=\"retention\">keins<\/div> <div class=\"function-header\"> <h5>Function<\/h5> <\/div> <div class=\"function\">Fordere die Benutzer-IP-Adresse an<\/div> <\/div> <\/details> <details class=\"cmplz-dropdown cmplz-service-desc cmplz-dropdown-cookiepolicy \" key=\"3\"> <summary class=\"cmplz-service-header\"><div> <h3>Miscellaneous<\/h3> <p>Purpose pending investigation<\/p> <label for=\"cmplz_service_miscellaneous\" class=\"cmplz_consent_per_service_label\"><span class=\"screen-reader-text\">Consent to service miscellaneous<\/span><\/label> <input type=\"checkbox\" id=\"cmplz_service_miscellaneous\" class=\"cmplz-accept-service cmplz-hidden\" data-service=\"miscellaneous\" data-category=\"functional\"><\/div> <\/summary> <div class=\"cmplz-service-description\"> <h4>Usage<\/h4>  <\/div> <div class=\"cmplz-sharing-data\"> <h4>Sharing data<\/h4> <p>Sharing of data is pending investigation<\/p> <\/div> <div class=\"cookies-per-purpose\">     <div class=\"purpose\"><h4>Purpose pending investigation<\/h4><\/div>     <div class=\"name-header\"> <h5>Name<\/h5> <\/div> <div class=\"name\">spectraCopyPasteStyles<\/div> <div class=\"retention-header\"> <h5>Expiration<\/h5> <\/div> <div class=\"retention\"><\/div> <div class=\"function-header\"> <h5>Function<\/h5> <\/div> <div class=\"function\"><\/div> <div class=\"name-header\"> <h5>Name<\/h5> <\/div> <div class=\"name\">gt-current-screen<\/div> <div class=\"retention-header\"> <h5>Expiration<\/h5> <\/div> <div class=\"retention\"><\/div> <div class=\"function-header\"> <h5>Function<\/h5> <\/div> <div class=\"function\"><\/div> <div class=\"name-header\"> <h5>Name<\/h5> <\/div> <div class=\"name\">uagSvgConfirmation<\/div> <div class=\"retention-header\"> <h5>Expiration<\/h5> <\/div> <div class=\"retention\"><\/div> <div class=\"function-header\"> <h5>Function<\/h5> <\/div> <div class=\"function\"><\/div> <\/div> <\/details> <\/div><br>7. Zustimmung<br><br>Wenn Sie unsere Website das erste Mal besuchen, zeigen wir Ihnen ein Pop-Up mit einer Erkl\u00e4rung \u00fcber Cookies. Sobald Sie auf \u201eEinstellungen speichern\u201c klicken, geben Sie uns Ihr Einverst\u00e4ndnis, alle von Ihnen gew\u00e4hlten Kategorien von Cookies und Plugins wie in dieser Cookie-Erkl\u00e4rung beschrieben zu verwenden. Sie k\u00f6nnen die Verwendung von Cookies \u00fcber Ihren Browser deaktivieren, aber bitte beachten Sie, dass unsere Website dann unter Umst\u00e4nden nicht richtig funktioniert.<br><br>7.1 Verwalten Ihrer Zustimmungseinstellungen<br><br><div id=\"cmplz-manage-consent-container-nojavascript\">You have loaded the Cookie Policy without javascript support.&nbsp;On AMP, you can use the manage consent button on the bottom of the page.<\/div><div id=\"cmplz-manage-consent-container\" name=\"cmplz-manage-consent-container\" class=\"cmplz-manage-consent-container\"><\/div><br><br>8. Aktivierung\/Deaktivierung und L\u00f6schen von Cookies<br><br>Sie k\u00f6nnen Ihren Internetbrowser verwenden um automatisch oder manuell Cookies zu l\u00f6schen. Sie k\u00f6nnen au\u00dferdem spezifizieren ob spezielle Cookies nicht platziert werden sollen. Eine andere M\u00f6glichkeit ist es Ihren Internetbrowser derart einzurichten, dass Sie jedes Mal benachrichtigt werden, wenn ein Cookie platziert wird. F\u00fcr weitere Information \u00fcber diese M\u00f6glichkeiten beachten Sie die Anweisungen in der Hilfesektion Ihres Browsers. Bitte nehmen Sie zur Kentniss, dass unsere Website m\u00f6glicherweise nicht richtig funktioniert wenn alle Cookies deaktiviert sind. Wenn Sie die Cookies in Ihrem Browser l\u00f6schen, werden diese neuplatziert wenn Sie unsere Website erneut besuchen.<br><br>9. Deine Rechte in Bezug auf pers\u00f6nliche Daten<br><br>Sie haben in Bezug auf Ihre pers\u00f6nlichen Daten die folgenden Rechte:<br><br>&#8211; <code>Sie habern das Recht zu wissen, warum Ihre pers\u00f6nlichen Daten gebraucht werden, was mit ihnen passiert und wie lange diese verwahrt werden. <\/code><br>&#8211; <code>Zugriffsrecht: Sie haben das Recht Ihre uns bekannten pers\u00f6nliche Daten einzusehen. <\/code><br>&#8211; <code>Recht auf Berichtigung: Sie haben das Recht wann immer Sie w\u00fcnschen, Ihre pers\u00f6nlichen Daten zu erg\u00e4nzen, zu korrigieren sowie gel\u00f6scht oder blockiert zu bekommen. <\/code><br>&#8211; <code>Wenn Sie uns Ihr Einverst\u00e4ndnis zur Verarbeitung Ihrer Daten gegeben haben, haben Sie das Recht dieses Einverst\u00e4ndnis zu widerrufen und Ihre pers\u00f6nlichen Daten l\u00f6schen zu lassen. <\/code><br>&#8211; <code>Recht auf Datentransfer Ihrer Daten: Sie haben das Recht, alle Ihre pers\u00f6nlichen Daten von einem Kontrolleur anzufordern und in ihrer Gesamtheit zu einem anderen Kontrolleur zu transferieren. <\/code><br>&#8211; <code>Widerspruchsrecht: Sie K\u00f6nnen der Verarbeitung Ihrer Daten widersprechen. Wir entsprechen dem, es sei denn es gibt berechtigte Gr\u00fcnde f\u00fcr die Verarbeitung.<\/code>  <br><br>Um diese Rechte auszu\u00fcben kontaktieren Sie uns bitte. Bitte beziehen Sie sich auf die Kontaktdaten am Ende dieser Cookie-Erkl\u00e4rung. Wenn Sie eine Beschwerde dar\u00fcber haben, wie wir Ihre Daten behandeln, w\u00fcrden wir diese gerne h\u00f6ren, aber Sie haben auch das Recht diese an die Aufsichtsbeh\u00f6rde (der Datenschutzbeh\u00f6rde) zu richten.<br><br>10. Kontaktdaten<br><br>F\u00fcr Fragen und\/oder Kommentare \u00fcber unsere Cookie-Richtlinien und diese Aussage kontaktiere uns bitte mittels der folgenden Kontaktdaten:<br><br><span class=\"cmplz-contact-organisation\">ABS Versicherungs-Treuhand AG<\/span><br><span class=\"cmplz-contact-address\">Gewerbestr. 8<\/span><br><span class=\"cmplz-contact-address\">CH-4553 Subingen<\/span><br><span class=\"cmplz-contact-country\">Switzerland<\/span><br>Website: <span class=\"cmplz-contact-domain\"><a href=\"https:\/\/www.absag.ch\">https:\/\/www.absag.ch<\/a><\/span><br><a href=\"m&#97;&#105;&#x6c;&#x74;o:&#97;&#117;&#x73;&#x6b;un&#102;&#116;&#x40;&#x61;bs&#97;&#x67;&#x2e;&#x63;h\">Email<\/a><br><span class=\"cmplz-contact-telephone\">Telefonnummer: +41 32 613 32 52<\/span><br><br>Diese Cookie-Richtlinie wurde mit <a href=\"https:\/\/cookiedatabase.org\/\" target=\"_blank\">cookiedatabase.org<\/a> am 28. August 2023 synchronisiert.<br><br><\/div>","protected":false},"excerpt":{"rendered":"","protected":false},"author":1,"featured_media":0,"parent":82,"menu_order":3,"comment_status":"closed","ping_status":"closed","template":"","meta":{"_eb_attr":"","_uag_custom_page_level_css":"","pgc_sgb_lightbox_settings":"","footnotes":""},"class_list":["post-329","page","type-page","status-publish"],"uagb_featured_image_src":{"full":false,"thumbnail":false,"medium":false,"medium_large":false,"large":false,"1536x1536":false,"2048x2048":false},"uagb_author_info":{"display_name":"admin","author_link":"https:\/\/www.absag.ch\/?author=1"},"uagb_comment_info":0,"uagb_excerpt":null,"_links":{"self":[{"href":"https:\/\/www.absag.ch\/index.php?rest_route=\/wp\/v2\/pages\/329","targetHints":{"allow":["GET"]}}],"collection":[{"href":"https:\/\/www.absag.ch\/index.php?rest_route=\/wp\/v2\/pages"}],"about":[{"href":"https:\/\/www.absag.ch\/index.php?rest_route=\/wp\/v2\/types\/page"}],"author":[{"embeddable":true,"href":"https:\/\/www.absag.ch\/index.php?rest_route=\/wp\/v2\/users\/1"}],"replies":[{"embeddable":true,"href":"https:\/\/www.absag.ch\/index.php?rest_route=%2Fwp%2Fv2%2Fcomments&post=329"}],"version-history":[{"count":10,"href":"https:\/\/www.absag.ch\/index.php?rest_route=\/wp\/v2\/pages\/329\/revisions"}],"predecessor-version":[{"id":357,"href":"https:\/\/www.absag.ch\/index.php?rest_route=\/wp\/v2\/pages\/329\/revisions\/357"}],"up":[{"embeddable":true,"href":"https:\/\/www.absag.ch\/index.php?rest_route=\/wp\/v2\/pages\/82"}],"wp:attachment":[{"href":"https:\/\/www.absag.ch\/index.php?rest_route=%2Fwp%2Fv2%2Fmedia&parent=329"}],"curies":[{"name":"wp","href":"https:\/\/api.w.org\/{rel}","templated":true}]}}