{"id":344,"date":"2023-08-28T13:46:12","date_gmt":"2023-08-28T13:46:12","guid":{"rendered":"https:\/\/www.absag.ch\/?page_id=344"},"modified":"2023-08-28T14:31:45","modified_gmt":"2023-08-28T14:31:45","slug":"impressum","status":"publish","type":"page","link":"https:\/\/www.absag.ch\/?page_id=344","title":{"rendered":"Impressum"},"content":{"rendered":"\n<p><strong>Kontaktadresse<\/strong><\/p>\n\n\n\n<p><span class=\"cmplz-contact-organisation\">ABS Versicherungs-Treuhand AG<\/span><br>Gewerbestr. 8<br>CH-4553 Subingen<br>Switzerland<br>Telefonnummer: <a href=\"Tel:+41326133252\">+41 32 613 32 52<\/a><\/p>\n\n\n\n<p><a href=\"&#x6d;&#97;&#105;l&#x74;&#x6f;&#58;i&#x6e;&#x66;&#111;&#64;a&#x62;&#115;&#97;g&#x2e;&#x63;&#104;\">Email<\/a><\/p>\n\n\n\n<p><strong>Handelsregistereintrag<\/strong><\/p>\n\n\n\n<p>Nummer CHE-107.528.432<br>Handelsregisteramt Kanton Solothurn<\/p>\n\n\n\n<p><strong>Gesch\u00e4ftsleitung<\/strong><\/p>\n\n\n\n<p>Maria Pergola, Gesch\u00e4ftsleitung<br>Telefonnummer: <a href=\"Tel:+41326133252\">+41 32 613 32 52<\/a><\/p>\n\n\n\n<p><strong>Haftungsausschluss<\/strong><\/p>\n\n\n\n<p>Die ABS AG \u00fcbernimmt keinerlei Gew\u00e4hr f\u00fcr die Aktualit\u00e4t, Korrektheit, Vollst\u00e4ndigkeit oder Qualit\u00e4t der bereitgestellten Informationen. Haftungsanspr\u00fcche gegen die ABS AG, welche sich auf Sch\u00e4den materieller oder ideeller Art beziehen, die durch die Nutzung oder Nichtnutzung der dargebotenen Informationen bzw. durch die Nutzung fehlerhafter und unvollst\u00e4ndiger Informationen verursacht wurden, sind grunds\u00e4tzlich ausgeschlossen, sofern seitens der net4you GmbH kein nachweislich vors\u00e4tzliches oder grob fahrl\u00e4ssiges Verschulden vorliegt.<\/p>\n\n\n\n<p>Alle Angebote sind freibleibend und unverbindlich. Die ABS AG beh\u00e4lt es sich ausdr\u00fccklich vor, Teile der Seiten oder das gesamte Angebot ohne gesonderte Ank\u00fcndigung zu ver\u00e4ndern, zu erg\u00e4nzen, zu l\u00f6schen oder die Ver\u00f6ffentlichung zeitweise oder endg\u00fcltig einzustellen.&nbsp;<\/p>\n\n\n\n<p><strong>Haftung f\u00fcr Links<\/strong><\/p>\n\n\n\n<p>Verweise und Links auf Webseiten Dritter liegen ausserhalb unseres Verantwortungsbereichs. Es wird jegliche Verantwortung f\u00fcr solche Webseiten abgelehnt. Zugriff und Nutzung solcher Webseiten erfolgen auf eigene Gefahr des Nutzers oder der Nutzerin.<\/p>\n\n\n\n<p><strong>Urheber- und Kennzeichenrecht<\/strong><\/p>\n\n\n\n<p>Die ABS AG ist bestrebt, in allen Publikationen die Urheberrechte der verwendeten Bilder, Grafiken, Tondokumente, Videosequenzen und Texte zu beachten, von ihr selbst erstellte Bilder, Grafiken, Tondokumente, Videosequenzen und Texte zu nutzen oder auf lizenzfreie Grafiken, Tondokumente, Videosequenzen und Texte zur\u00fcckzugreifen.<\/p>\n\n\n\n<p>Alle innerhalb des Internetangebotes genannten und gegebenenfalls durch Dritte gesch\u00fctzten Marken- und Warenzeichen unterliegen uneingeschr\u00e4nkt den Bestimmungen des jeweils g\u00fcltigen Kennzeichenrechts und den Besitzrechten der jeweiligen eingetragenen Eigent\u00fcmer. Allein aufgrund der blossen Nennung ist nicht der Schluss zu ziehen, dass Markenzeichen nicht durch Rechte Dritter gesch\u00fctzt sind.<\/p>\n\n\n\n<p>Das Copyright f\u00fcr ver\u00f6ffentlichte, von der ABS AG selbst erstellte Objekte bleibt allein bei ABS AG. Eine Vervielf\u00e4ltigung oder Verwendung solcher Grafiken, Tondokumente, Videosequenzen und Texte in anderen elektronischen oder gedruckten Publikationen ist ohne ausdr\u00fcckliche Zustimmung der ABS AG nicht gestattet.<\/p>\n","protected":false},"excerpt":{"rendered":"<p>Kontaktadresse ABS Versicherungs-Treuhand AGGewerbestr. 8CH-4553 SubingenSwitzerlandTelefonnummer: +41 32 613 32 52 Email Handelsregistereintrag Nummer CHE-107.528.432Handelsregisteramt Kanton Solothurn Gesch\u00e4ftsleitung Maria Pergola, Gesch\u00e4ftsleitungTelefonnummer: +41 32 613 32 52 Haftungsausschluss Die ABS AG \u00fcbernimmt keinerlei Gew\u00e4hr f\u00fcr die Aktualit\u00e4t, Korrektheit, Vollst\u00e4ndigkeit oder Qualit\u00e4t der bereitgestellten Informationen. Haftungsanspr\u00fcche gegen die ABS AG, welche sich auf Sch\u00e4den materieller oder ideeller &#8230; <a title=\"Impressum\" class=\"read-more\" href=\"https:\/\/www.absag.ch\/?page_id=344\" aria-label=\"Mehr Informationen \u00fcber Impressum\">Weiterlesen<\/a><\/p>\n","protected":false},"author":1,"featured_media":0,"parent":82,"menu_order":5,"comment_status":"closed","ping_status":"closed","template":"","meta":{"_eb_attr":"","_uag_custom_page_level_css":"","pgc_sgb_lightbox_settings":"","footnotes":""},"class_list":["post-344","page","type-page","status-publish"],"uagb_featured_image_src":{"full":false,"thumbnail":false,"medium":false,"medium_large":false,"large":false,"1536x1536":false,"2048x2048":false},"uagb_author_info":{"display_name":"admin","author_link":"https:\/\/www.absag.ch\/?author=1"},"uagb_comment_info":0,"uagb_excerpt":"Kontaktadresse ABS Versicherungs-Treuhand AGGewerbestr. 8CH-4553 SubingenSwitzerlandTelefonnummer: +41 32 613 32 52 Email Handelsregistereintrag Nummer CHE-107.528.432Handelsregisteramt Kanton Solothurn Gesch\u00e4ftsleitung Maria Pergola, Gesch\u00e4ftsleitungTelefonnummer: +41 32 613 32 52 Haftungsausschluss Die ABS AG \u00fcbernimmt keinerlei Gew\u00e4hr f\u00fcr die Aktualit\u00e4t, Korrektheit, Vollst\u00e4ndigkeit oder Qualit\u00e4t der bereitgestellten Informationen. Haftungsanspr\u00fcche gegen die ABS AG, welche sich auf Sch\u00e4den materieller oder ideeller&hellip;","_links":{"self":[{"href":"https:\/\/www.absag.ch\/index.php?rest_route=\/wp\/v2\/pages\/344","targetHints":{"allow":["GET"]}}],"collection":[{"href":"https:\/\/www.absag.ch\/index.php?rest_route=\/wp\/v2\/pages"}],"about":[{"href":"https:\/\/www.absag.ch\/index.php?rest_route=\/wp\/v2\/types\/page"}],"author":[{"embeddable":true,"href":"https:\/\/www.absag.ch\/index.php?rest_route=\/wp\/v2\/users\/1"}],"replies":[{"embeddable":true,"href":"https:\/\/www.absag.ch\/index.php?rest_route=%2Fwp%2Fv2%2Fcomments&post=344"}],"version-history":[{"count":4,"href":"https:\/\/www.absag.ch\/index.php?rest_route=\/wp\/v2\/pages\/344\/revisions"}],"predecessor-version":[{"id":360,"href":"https:\/\/www.absag.ch\/index.php?rest_route=\/wp\/v2\/pages\/344\/revisions\/360"}],"up":[{"embeddable":true,"href":"https:\/\/www.absag.ch\/index.php?rest_route=\/wp\/v2\/pages\/82"}],"wp:attachment":[{"href":"https:\/\/www.absag.ch\/index.php?rest_route=%2Fwp%2Fv2%2Fmedia&parent=344"}],"curies":[{"name":"wp","href":"https:\/\/api.w.org\/{rel}","templated":true}]}}