{"id":52,"date":"2019-07-31T10:09:08","date_gmt":"2019-07-31T10:09:08","guid":{"rendered":"https:\/\/www.absag.ch\/?page_id=52"},"modified":"2026-03-30T20:06:29","modified_gmt":"2026-03-30T20:06:29","slug":"team","status":"publish","type":"page","link":"https:\/\/www.absag.ch\/?page_id=52","title":{"rendered":"Team"},"content":{"rendered":"\n<h2 class=\"wp-block-heading\">Team ABS&nbsp;Versicherungs-Treuhand AG <\/h2>\n\n\n\n<p>Das ABS Team bietet seinen Kunden erstklassigen Service an. Die ABS zeichnet sich  durch hohe Leistungsbereitschaft aus, handelt verantwortungsvoll und qualit\u00e4tsbewusst. Die professionelle Arbeitsweise erm\u00f6glicht der ABS, ihren Kunden optimale Dienstleistungen zu erbringen. <\/p>\n\n\n\n<div class=\"wp-block-columns is-layout-flex wp-container-core-columns-is-layout-9d6595d7 wp-block-columns-is-layout-flex\">\n<div class=\"wp-block-column is-layout-flow wp-block-column-is-layout-flow\">\n<figure class=\"wp-block-image size-large\"><img loading=\"lazy\" decoding=\"async\" width=\"1024\" height=\"683\" src=\"https:\/\/www.absag.ch\/wp-content\/uploads\/2025\/11\/Maria-Pergola-1024x683.jpeg\" alt=\"\" class=\"wp-image-377\" srcset=\"https:\/\/www.absag.ch\/wp-content\/uploads\/2025\/11\/Maria-Pergola-1024x683.jpeg 1024w, https:\/\/www.absag.ch\/wp-content\/uploads\/2025\/11\/Maria-Pergola-300x200.jpeg 300w, https:\/\/www.absag.ch\/wp-content\/uploads\/2025\/11\/Maria-Pergola-768x512.jpeg 768w, https:\/\/www.absag.ch\/wp-content\/uploads\/2025\/11\/Maria-Pergola-1536x1025.jpeg 1536w, https:\/\/www.absag.ch\/wp-content\/uploads\/2025\/11\/Maria-Pergola.jpeg 1619w\" sizes=\"auto, (max-width: 1024px) 100vw, 1024px\" \/><\/figure>\n\n\n\n<h3 class=\"wp-block-heading\">Maria  Pergola<\/h3>\n\n\n\n<p>Gesch\u00e4ftsf\u00fchrerin und Mandatsleiterin<br>Finma Reg. Nr. F1360844<br><a href=\"&#109;&#x61;i&#108;&#x74;&#111;&#x3a;m&#97;&#x72;i&#x61;&#x2e;&#112;&#x65;r&#103;&#x6f;l&#x61;&#x40;&#97;&#x62;s&#97;&#x67;&#46;&#x63;h\">email<\/a><\/p>\n<\/div>\n\n\n\n<div class=\"wp-block-column is-layout-flow wp-block-column-is-layout-flow\">\n<figure class=\"wp-block-image size-large\"><img loading=\"lazy\" decoding=\"async\" width=\"1024\" height=\"683\" src=\"https:\/\/www.absag.ch\/wp-content\/uploads\/2025\/11\/Willi-Heimann-1024x683.jpeg\" alt=\"\" class=\"wp-image-374\" srcset=\"https:\/\/www.absag.ch\/wp-content\/uploads\/2025\/11\/Willi-Heimann-1024x683.jpeg 1024w, https:\/\/www.absag.ch\/wp-content\/uploads\/2025\/11\/Willi-Heimann-300x200.jpeg 300w, https:\/\/www.absag.ch\/wp-content\/uploads\/2025\/11\/Willi-Heimann-768x512.jpeg 768w, https:\/\/www.absag.ch\/wp-content\/uploads\/2025\/11\/Willi-Heimann-1536x1025.jpeg 1536w, https:\/\/www.absag.ch\/wp-content\/uploads\/2025\/11\/Willi-Heimann.jpeg 1619w\" sizes=\"auto, (max-width: 1024px) 100vw, 1024px\" \/><\/figure>\n\n\n\n<h3 class=\"wp-block-heading\">Willi Heimann<\/h3>\n\n\n\n<p>Gr\u00fcnder und Stv. Gesch\u00e4ftsf\u00fchrer<br><a href=\"&#109;&#x61;i&#x6c;t&#111;&#x3a;&#119;&#x69;l&#108;&#x69;&#46;&#x68;e&#x69;&#x6d;&#97;&#x6e;n&#x40;a&#98;&#x73;&#97;&#x67;&#46;&#99;&#x68;\">email<\/a><\/p>\n<\/div>\n<\/div>\n\n\n\n<div class=\"wp-block-columns is-layout-flex wp-container-core-columns-is-layout-9d6595d7 wp-block-columns-is-layout-flex\">\n<div class=\"wp-block-column is-layout-flow wp-block-column-is-layout-flow\">\n<figure class=\"wp-block-image size-large\"><img loading=\"lazy\" decoding=\"async\" width=\"1024\" height=\"683\" src=\"https:\/\/www.absag.ch\/wp-content\/uploads\/2025\/11\/Daniel-Meier-1024x683.jpeg\" alt=\"\" class=\"wp-image-376\" srcset=\"https:\/\/www.absag.ch\/wp-content\/uploads\/2025\/11\/Daniel-Meier-1024x683.jpeg 1024w, https:\/\/www.absag.ch\/wp-content\/uploads\/2025\/11\/Daniel-Meier-300x200.jpeg 300w, https:\/\/www.absag.ch\/wp-content\/uploads\/2025\/11\/Daniel-Meier-768x512.jpeg 768w, https:\/\/www.absag.ch\/wp-content\/uploads\/2025\/11\/Daniel-Meier-1536x1025.jpeg 1536w, https:\/\/www.absag.ch\/wp-content\/uploads\/2025\/11\/Daniel-Meier.jpeg 1619w\" sizes=\"auto, (max-width: 1024px) 100vw, 1024px\" \/><\/figure>\n\n\n\n<h3 class=\"wp-block-heading\">Daniel Meier<\/h3>\n\n\n\n<p>Mandatsleiter<br>Finma Reg. Nr. F01524016<br><a href=\"mai&#108;&#116;&#111;&#58;&#x64;&#x61;&#x6e;&#x69;&#x65;&#x6c;&#x2e;mei&#101;&#114;&#64;&#97;&#98;&#x73;&#x61;&#x67;&#x2e;&#x63;&#x68;\">email<\/a><\/p>\n<\/div>\n\n\n\n<div class=\"wp-block-column is-layout-flow wp-block-column-is-layout-flow\">\n<div class=\"wp-block-uagb-image uagb-block-9f645f8a wp-block-uagb-image--layout-default wp-block-uagb-image--effect-static wp-block-uagb-image--align-none\"><figure class=\"wp-block-uagb-image__figure\"><img decoding=\"async\" srcset=\"https:\/\/www.absag.ch\/wp-content\/uploads\/2025\/11\/sigrid-misteli-1.jpg ,https:\/\/www.absag.ch\/wp-content\/uploads\/2025\/11\/sigrid-misteli-1.jpg 780w, https:\/\/www.absag.ch\/wp-content\/uploads\/2025\/11\/sigrid-misteli-1.jpg 360w\" sizes=\"auto, (max-width: 480px) 150px\" src=\"https:\/\/www.absag.ch\/wp-content\/uploads\/2025\/11\/sigrid-misteli-1.jpg\" alt=\"\" class=\"uag-image-424\" width=\"1024\" height=\"683\" title=\"\" loading=\"lazy\"\/><\/figure><\/div>\n\n\n\n<h3 class=\"wp-block-heading\">Assistentin Mandatsleitung<\/h3>\n\n\n\n<p>Die neue Assistentin Mandatsleitung<br>beginnt am 01.07.2026<br><\/p>\n<\/div>\n<\/div>\n\n\n\n<div class=\"wp-block-columns is-layout-flex wp-container-core-columns-is-layout-9d6595d7 wp-block-columns-is-layout-flex\">\n<div class=\"wp-block-column is-layout-flow wp-block-column-is-layout-flow\">\n<figure class=\"wp-block-image size-large\"><img loading=\"lazy\" decoding=\"async\" width=\"1024\" height=\"683\" src=\"https:\/\/www.absag.ch\/wp-content\/uploads\/2025\/11\/Sandra-Kupferschmid-1024x683.jpeg\" alt=\"\" class=\"wp-image-373\" srcset=\"https:\/\/www.absag.ch\/wp-content\/uploads\/2025\/11\/Sandra-Kupferschmid-1024x683.jpeg 1024w, https:\/\/www.absag.ch\/wp-content\/uploads\/2025\/11\/Sandra-Kupferschmid-300x200.jpeg 300w, https:\/\/www.absag.ch\/wp-content\/uploads\/2025\/11\/Sandra-Kupferschmid-768x512.jpeg 768w, https:\/\/www.absag.ch\/wp-content\/uploads\/2025\/11\/Sandra-Kupferschmid-1536x1025.jpeg 1536w, https:\/\/www.absag.ch\/wp-content\/uploads\/2025\/11\/Sandra-Kupferschmid.jpeg 1619w\" sizes=\"auto, (max-width: 1024px) 100vw, 1024px\" \/><\/figure>\n\n\n\n<h3 class=\"wp-block-heading\">Sandra Kupferschmid<\/h3>\n\n\n\n<p>Assistentin Mandatsleitung<br>Finma Reg. Nr. F01531032<br><a href=\"&#109;&#x61;i&#108;&#x74;o&#58;&#x6e;i&#99;&#x6f;l&#101;&#x2e;&#112;&#x66;&#x69;&#115;&#x74;&#x65;&#114;&#x40;a&#98;&#x73;a&#103;&#x2e;c&#104;\">email<\/a><\/p>\n<\/div>\n\n\n\n<div class=\"wp-block-column is-layout-flow wp-block-column-is-layout-flow\">\n<figure class=\"wp-block-image size-full\"><img loading=\"lazy\" decoding=\"async\" width=\"768\" height=\"512\" src=\"https:\/\/www.absag.ch\/wp-content\/uploads\/2025\/11\/sigrid-misteli-1.jpg\" alt=\"\" class=\"wp-image-424\" style=\"object-fit:cover\" srcset=\"https:\/\/www.absag.ch\/wp-content\/uploads\/2025\/11\/sigrid-misteli-1.jpg 768w, https:\/\/www.absag.ch\/wp-content\/uploads\/2025\/11\/sigrid-misteli-1-300x200.jpg 300w\" sizes=\"auto, (max-width: 768px) 100vw, 768px\" \/><\/figure>\n\n\n\n<h3 class=\"wp-block-heading\">Sigrid Misteli<\/h3>\n\n\n\n<p>Administration und Controling<br><a href=\"&#x6d;&#x61;&#x69;&#x6c;&#x74;&#x6f;&#x3a;&#x73;&#105;&#103;&#114;&#105;&#100;&#46;&#109;iste&#x6c;&#x69;&#x40;&#x61;&#x62;&#x73;&#x61;&#x67;&#x2e;&#99;&#104;\">email<\/a><\/p>\n<\/div>\n<\/div>\n\n\n\n<p><\/p>\n","protected":false},"excerpt":{"rendered":"<p>Team ABS&nbsp;Versicherungs-Treuhand AG Das ABS Team bietet seinen Kunden erstklassigen Service an. Die ABS zeichnet sich durch hohe Leistungsbereitschaft aus, handelt verantwortungsvoll und qualit\u00e4tsbewusst. Die professionelle Arbeitsweise erm\u00f6glicht der ABS, ihren Kunden optimale Dienstleistungen zu erbringen. Maria Pergola Gesch\u00e4ftsf\u00fchrerin und MandatsleiterinFinma Reg. Nr. F1360844email Willi Heimann Gr\u00fcnder und Stv. Gesch\u00e4ftsf\u00fchreremail Daniel Meier MandatsleiterFinma Reg. Nr. &#8230; <a title=\"Team\" class=\"read-more\" href=\"https:\/\/www.absag.ch\/?page_id=52\" aria-label=\"Mehr Informationen \u00fcber Team\">Weiterlesen<\/a><\/p>\n","protected":false},"author":1,"featured_media":0,"parent":48,"menu_order":1,"comment_status":"closed","ping_status":"closed","template":"","meta":{"_eb_attr":"","_uag_custom_page_level_css":"","pgc_sgb_lightbox_settings":"","footnotes":""},"class_list":["post-52","page","type-page","status-publish"],"uagb_featured_image_src":{"full":false,"thumbnail":false,"medium":false,"medium_large":false,"large":false,"1536x1536":false,"2048x2048":false},"uagb_author_info":{"display_name":"admin","author_link":"https:\/\/www.absag.ch\/?author=1"},"uagb_comment_info":0,"uagb_excerpt":"Team ABS&nbsp;Versicherungs-Treuhand AG Das ABS Team bietet seinen Kunden erstklassigen Service an. Die ABS zeichnet sich durch hohe Leistungsbereitschaft aus, handelt verantwortungsvoll und qualit\u00e4tsbewusst. Die professionelle Arbeitsweise erm\u00f6glicht der ABS, ihren Kunden optimale Dienstleistungen zu erbringen. Maria Pergola Gesch\u00e4ftsf\u00fchrerin und MandatsleiterinFinma Reg. Nr. F1360844email Willi Heimann Gr\u00fcnder und Stv. Gesch\u00e4ftsf\u00fchreremail Daniel Meier MandatsleiterFinma Reg. Nr.&hellip;","_links":{"self":[{"href":"https:\/\/www.absag.ch\/index.php?rest_route=\/wp\/v2\/pages\/52","targetHints":{"allow":["GET"]}}],"collection":[{"href":"https:\/\/www.absag.ch\/index.php?rest_route=\/wp\/v2\/pages"}],"about":[{"href":"https:\/\/www.absag.ch\/index.php?rest_route=\/wp\/v2\/types\/page"}],"author":[{"embeddable":true,"href":"https:\/\/www.absag.ch\/index.php?rest_route=\/wp\/v2\/users\/1"}],"replies":[{"embeddable":true,"href":"https:\/\/www.absag.ch\/index.php?rest_route=%2Fwp%2Fv2%2Fcomments&post=52"}],"version-history":[{"count":48,"href":"https:\/\/www.absag.ch\/index.php?rest_route=\/wp\/v2\/pages\/52\/revisions"}],"predecessor-version":[{"id":441,"href":"https:\/\/www.absag.ch\/index.php?rest_route=\/wp\/v2\/pages\/52\/revisions\/441"}],"up":[{"embeddable":true,"href":"https:\/\/www.absag.ch\/index.php?rest_route=\/wp\/v2\/pages\/48"}],"wp:attachment":[{"href":"https:\/\/www.absag.ch\/index.php?rest_route=%2Fwp%2Fv2%2Fmedia&parent=52"}],"curies":[{"name":"wp","href":"https:\/\/api.w.org\/{rel}","templated":true}]}}